9.
109
Calculate the greatest common factor of 209 and 59326949.
209
Calculate the greatest common divisor of 1289460 and 3.
3
What is the highest common factor of 26397 and 47796587?
419
Calculate the greatest common divisor of 19457493 and 66.
33
Calculate the greatest common divisor of 192211 and 8174.
61
What is the highest common divisor of 129317191 and 326?
163
What is the highest common factor of 8733987 and 1134?
81
Calculate the highest common factor of 652830 and 960.
30
What is the greatest common divisor of 184041 and 2740959?
117
Calculate the highest common factor of 1773765 and 1107.
27
Calculate the highest common divisor of 619080 and 79464.
1848
What is the highest common factor of 3 and 12662697?
3
What is the greatest common divisor of 3335718 and 66?
6
What is the greatest common factor of 1815504 and 1776?
48
What is the highest common divisor of 4552210 and 54340?
2470
What is the greatest common factor of 676173 and 321375?
2571
What is the highest common factor of 1551840 and 50?
10
Calculate the highest common factor of 40128 and 82209732.
2508
Calculate the highest common divisor of 7106 and 146642.
646
What is the greatest common factor of 2361699867 and 5757?
5757
Calculate the greatest common divisor of 10470081 and 1003.
59
Calculate the greatest common divisor of 1920580 and 2180.
2180
What is the highest common divisor of 26883372 and 303?
303
Calculate the greatest common factor of 1537 and 2711321.
53
What is the highest common divisor of 7717895 and 5206?
2603
What is the greatest common divisor of 4717 and 5413069?
89
Calculate the highest common factor of 3 and 1071831474.
3
What is the greatest common factor of 34 and 11142514?
34
What is the greatest common divisor of 57346205 and 280?
35
What is the highest common factor of 1550 and 4364025?
775
Calculate the highest common divisor of 842329 and 5528.
691
What is the highest common factor of 696710 and 4620882?
3766
Calculate the highest common factor of 47610797 and 351.
13
What is the greatest common factor of 201202040 and 13?
13
Calculate the highest common divisor of 4183 and 5729723.
47
Calculate the highest common factor of 38716023 and 6581.
6581
Calculate the highest common factor of 28250 and 9718.
226
Calculate the highest common divisor of 34572 and 1861552388.
11524
Calculate the highest common divisor of 3839 and 2747677.
349
What is the greatest common factor of 882 and 6350596?
98
What is the highest common factor of 62677848 and 4920?
984
Calculate the greatest common divisor of 12960 and 29461440.
480
Calculate the highest common divisor of 861144 and 13992.
1272
Calculate the greatest common divisor of 15749907 and 67128.
8391
Calculate the highest common divisor of 204085 and 85799.
833
Calculate the highest common divisor of 297236219 and 7.
7
Calculate the highest common divisor of 81 and 169860807.
81
What is the greatest common divisor of 82643 and 1521041?
683
What is the greatest common divisor of 858 and 192816?
78
Calculate the greatest common divisor of 2394 and 13161414.
798
What is the highest common factor of 3441 and 2824062?
111
Calculate the greatest common factor of 286 and 2212034.
22
What is the highest common factor of 725 and 218434235?
145
Calculate the greatest common factor of 10042567 and 236.
59
Calculate the greatest common divisor of 476832 and 20472.
24
What is the highest common divisor of 336 and 1366396192?
112
What is the highest common factor of 6052 and 110514059?
1513
Calculate the highest common divisor of 178368 and 261024.
96
What is the highest common factor of 4742310 and 105?
15
What is the greatest common divisor of 105 and 316820?
35
Calculate the greatest common factor of 20550 and 21150.
150
What is the greatest common factor of 930 and 27107330?
310
What is the greatest common divisor of 10956 and 123684?
132
What is the greatest common factor of 1374 and 3352476?
6
What is the highest common divisor of 2912 and 9473737?
91
What is the highest common factor of 17441 and 5877320503?
17441
Calculate the greatest common divisor of 5136 and 19149576.
2568
What is the highest common factor of 49456647 and 138?
69
What is the highest common divisor of 16886754 and 2511?
279
What is the highest common factor of 2228844 and 228?
12
What is the greatest common factor of 9 and 14114874?
3
What is the highest common factor of 243 and 4913811?
27
What is the highest common factor of 4301280 and 49590?
2610
Calculate the greatest common factor of 14208 and 610176.
384
Calculate the highest common factor of 16083884 and 1.
1
Calculate the highest common factor of 2223 and 723159.
171
What is the highest common factor of 45528 and 115416?
168
What is the greatest common factor of 9968 and 1539356?
28
What is the highest common divisor of 46760895 and 90?
45
What is the highest common divisor of 1446780 and 45?
15
Calculate the greatest common divisor of 1357 and 1467979.
59
Calculate the greatest common factor of 16050 and 2889150.
150
What is the greatest common divisor of 194691 and 290514?
21
What is the greatest common divisor of 83 and 11628466?
83
Calculate the highest common factor of 6720 and 259756.
28
What is the greatest common factor of 48192636 and 552?
276
Calculate the greatest common divisor of 96869 and 785.
157
Calculate the greatest common factor of 14288 and 113936.
16
Calculate the highest common factor of 292947960 and 636.
636
Calculate the highest common factor of 17811953 and 239.
239
What is the highest common divisor of 48 and 1198992?
48
Calculate the greatest common divisor of 253961838 and 1170.
234
What is the greatest common divisor of 249 and 489029526?
249
What is the highest common factor of 3768 and 328896?
24
What is the highest common divisor of 289776 and 80?
16
What is the greatest common factor of 30392 and 48593009?
3799
What is the highest common divisor of 58056 and 835662?
246
What is the greatest common divisor of 1770 and 697335?
15
Calculate the greatest common factor of 11651432 and 8970.
598
What is the greatest common factor of 2090 and 1703958?
38
Calculate the highest common divisor of 90659643 and 1206.
201
What is the greatest common divisor of 559625 and 3515?
185
What is the greatest common divisor of 34479344 and 4304?
4304
Calculate the highest common factor of 1231200 and 27075.
1425
What is the highest common factor of 1057 and 7747810?
1057
What is the highest common divisor of 3273 and 19167?
3
What is the highest common factor of 1974514 and 2170?
62
Calculate the greatest common divisor of 20471 and 788447.
11
Calculate the highest common divisor of 4658 and 18513358.
274
What is the highest common factor of 124 and 807242356?
124
Calculate the highest common divisor of 280 and 126448.
56
Calculate the greatest common divisor of 3486348 and 92454.
114
Calculate the greatest common factor of 4851 and 280898541.
693
Calculate the greatest common factor of 4240 and 14576272.
848
What is the greatest common divisor of 228 and 7068076?
76
Calculate the highest common divisor of 16 and 2857.
1
What is the greatest common factor of 27723624 and 120?
24
Calculate the highest common factor of 107308 and 686887.
193
What is the highest common factor of 2852613 and 18?
9
Calculate the highest common divisor of 28876600 and 328.
8
What is the highest common divisor of 217989 and 48124?
53
What is the greatest common factor of 2185080 and 871530?
4170
What is the highest common divisor of 18664680 and 240?
120
Calculate the greatest common factor of 6578 and 4045631.
23
What is the highest common divisor of 200362 and 12013254?
2822
What is the greatest common divisor of 19929173 and 1529?
11
Calculate the highest common factor of 1990634 and 6128266.
6014
What is the highest common divisor of 464 and 3404049?
29
What is the greatest common divisor of 16236 and 1664784?
396
Calculate the greatest common factor of 1726 and 15884378.
1726
Calculate the greatest common divisor of 47986066 and 802.
802
What is the greatest common factor of 932331 and 166549?
1717
Calculate the highest common divisor of 6345930 and 60030.
690
What is the highest common factor of 171 and 994992?
57
What is the greatest common divisor of 208 and 921391952?
208
What is t